prime factors of 1205932?
2, 7, 13, 3313
What are the prime factors of 2664927?
3, 89, 1109
What are the prime factors of 63120?
2, 3, 5, 263
List the prime factors of 2383982.
2, 1191991
What are the prime factors of 197530?
2, 5, 19753
What are the prime factors of 257691?
3, 7, 1753
List the prime factors of 14780951.
41, 360511
What are the prime factors of 309118?
2, 127, 1217
What are the prime factors of 610490?
2, 5, 41, 1489
List the prime factors of 56821.
56821
What are the prime factors of 16237237?
16237237
List the prime factors of 1816623.
3, 201847
What are the prime factors of 570609?
3, 13, 4877
What are the prime factors of 13005375?
3, 5, 79, 439
What are the prime factors of 678466?
2, 31, 353
List the prime factors of 442691.
442691
What are the prime factors of 259038?
2, 3, 13, 41
What are the prime factors of 146438?
2, 17, 59, 73
List the prime factors of 2384184.
2, 3, 11, 821
What are the prime factors of 591573?
3, 31, 6361
What are the prime factors of 7083197?
11, 643927
What are the prime factors of 256722?
2, 3, 42787
What are the prime factors of 972846?
2, 3, 7, 1103
List the prime factors of 3184763.
17, 187339
What are the prime factors of 1151828?
2, 151, 1907
List the prime factors of 303083.
11, 59, 467
What are the prime factors of 558093?
3, 17, 31, 353
List the prime factors of 20209893.
3, 11, 23, 26627
List the prime factors of 3987087.
3, 13, 102233
What are the prime factors of 2662220?
2, 5, 11, 12101
What are the prime factors of 537225?
3, 5, 13, 19, 29
List the prime factors of 902047.
902047
What are the prime factors of 949306?
2, 47, 10099
List the prime factors of 4886133.
3, 7, 43, 773
What are the prime factors of 422553?
3, 83, 1697
What are the prime factors of 18694178?
2, 31, 211, 1429
What are the prime factors of 174757?
11, 15887
What are the prime factors of 1861192?
2, 83, 2803
List the prime factors of 2604176.
2, 47, 3463
What are the prime factors of 440777?
379, 1163
What are the prime factors of 11053440?
2, 3, 5, 19, 101
List the prime factors of 3832400.
2, 5, 11, 13, 67
What are the prime factors of 1474789?
199, 7411
What are the prime factors of 6885074?
2, 7, 43, 11437
List the prime factors of 762645.
3, 5, 13, 3911
List the prime factors of 305454.
2, 3, 50909
What are the prime factors of 475032?
2, 3, 19793
List the prime factors of 1022616.
2, 3, 7, 2029
What are the prime factors of 191040?
2, 3, 5, 199
List the prime factors of 6905299.
6905299
What are the prime factors of 14317265?
5, 2863453
What are the prime factors of 968289?
3, 7, 941
What are the prime factors of 74362?
2, 37181
List the prime factors of 210294.
2, 3, 7, 1669
List the prime factors of 1152376.
2, 283, 509
What are the prime factors of 54972?
2, 3, 509
What are the prime factors of 964140?
2, 3, 5, 16069
What are the prime factors of 6861438?
2, 3, 17, 1319
List the prime factors of 151843.
317, 479
List the prime factors of 49385.
5, 7, 17, 83
What are the prime factors of 35982?
2, 3, 1999
What are the prime factors of 6215165?
5, 11, 10273
List the prime factors of 421303.
421303
List the prime factors of 585455.
5, 13, 9007
List the prime factors of 548024.
2, 61, 1123
What are the prime factors of 155049?
3, 51683
List the prime factors of 64548.
2, 3, 11, 163
List the prime factors of 73210.
2, 5, 7321
List the prime factors of 36849.
3, 71, 173
What are the prime factors of 11075197?
7, 1582171
What are the prime factors of 565982?
2, 282991
What are the prime factors of 280480?
2, 5, 1753
List the prime factors of 8085149.
17, 475597
List the prime factors of 5214404.
2, 13, 149, 673
List the prime factors of 717204.
2, 3, 59, 1013
What are the prime factors of 168209?
59, 2851
List the prime factors of 341079.
3, 41, 47, 59
List the prime factors of 3432099.
3, 11, 104003
List the prime factors of 10847543.
7, 523, 2963
List the prime factors of 20595405.
3, 5, 1373027
List the prime factors of 21303293.
11, 31, 62473
What are the prime factors of 188285?
5, 37657
List the prime factors of 2142885.
3, 5, 373, 383
List the prime factors of 631083.
3, 210361
List the prime factors of 17797501.
2063, 8627
What are the prime factors of 134218?
2, 7, 9587
What are the prime factors of 1552337?
1552337
What are the prime factors of 3474631?
3474631
List the prime factors of 226661.
17, 67, 199
List the prime factors of 21531748.
2, 7, 379, 2029
What are the prime factors of 110055?
3, 5, 11, 23, 29
What are the prime factors of 1400752?
2, 87547
What are the prime factors of 13356101?
11, 17, 43, 151
List the prime factors of 790611.
3, 263537
List the prime factors of 1027679.
1027679
What are the prime factors of 257117?
7, 23, 1597
List the prime factors of 600107.
653, 919
What are the prime factors of 2038996?
2, 23, 37, 599
List the prime factors of 34220936.
2, 523, 8179
What are the prime factors of 410736?
2, 3, 43, 199
What are the prime factors of 5582083?
13, 107, 4013
What are the prime factors of 114227?
103, 1109
What are the prime factors of 478242?
2, 3, 163
List the prime factors of 4126323.
3, 29, 43, 1103
List the prime factors of 3388536.
2, 3, 19, 2477
List the prime factors of 342676.
2, 85669
List the prime factors of 7936484.
2, 17, 127, 919
What are the prime factors of 155469?
3, 29, 1787
What are the prime factors of 1413126?
2, 3, 11, 13, 61
List the prime factors of 288041.
13, 22157
List the prime factors of 1132851.
3, 377617
What are the prime factors of 27857?
89, 313
List the prime factors of 636093.
3, 7853
What are the prime factors of 212764?
2, 43, 1237
What are the prime factors of 13178725?
5, 7, 75307
List the prime factors of 11489978.
2, 1097, 5237
List the prime factors of 316595.
5, 23, 2753
List the prime factors of 8772279.
3, 523, 5591
What are the prime factors of 290891?
461, 631
What are the prime factors of 355239?
3, 59, 223
List the prime factors of 21746142.
2, 3, 11, 109829
What are the prime factors of 67818?
2, 3, 89, 127
What are the prime factors of 84321?
3, 347
List the prime factors of 2381152.
2, 74411
List the prime factors of 23214.
2, 3, 53, 73
List the prime factors of 14926083.
3, 101, 49261
List the prime factors of 523283.
41, 12763
List the prime factors of 1813359.
3, 151, 4003
List the prime factors of 174237.
3, 7, 8297
List the prime factors of 168154.
2, 7, 12011
List the prime factors of 2336673.
3, 127, 6133
List the prime factors of 251472.
2, 3, 13, 31
What are the prime factors of 4593761?
4593761
List the prime factors of 10766907.
3, 1196323
What are the prime factors of 10853293?
11, 17, 127, 457
What are the prime factors of 3875118?
2, 3, 13, 49681
List the prime factors of 5459834.
2, 2729917
List the prime factors of 1005252.
2, 3, 19, 4409
What are the prime factors of 597821?
7, 41, 2083
What are the prime factors of 291706?
2, 157, 929
List the prime factors of 1408250.
2, 5, 43, 131
What are the prime factors of 700971?
3, 23, 10159
What are the prime factors of 14997708?
2, 3, 11, 313
What are the prime factors of 188361?
3, 20929
List the prime factors of 85342.
2, 71, 601
List the prime factors of 100005.
3, 5, 59, 113
What are the prime factors of 9145283?
7, 23, 43, 1321
List the prime factors of 7131680.
2, 5, 29, 53
What are the prime factors of 11966404?
2, 2991601
What are the prime factors of 1665924?
2, 3, 13, 59, 181
List the prime factors of 6939257.
13, 31, 67, 257
What are the prime factors of 43453?
19, 2287
What are the prime factors of 216703?
216703
List the prime factors of 1265821.
29, 43649
List the prime factors of 991638.
2, 3, 89, 619
List the prime factors of 17729812.
2, 19, 79, 2953
What are the prime factors of 1101521?
1101521
What are the prime factors of 1493223?
3, 497741
What are the prime factors of 3248900?
2, 5, 53, 613
List the prime factors of 161994.
2, 3, 7, 19, 29
List the prime factors of 7807875.
3, 5, 47, 443
What are the prime factors of 1766409?
3, 71, 8293
List the prime factors of 432208.
2, 7, 17, 227
List the prime factors of 402250.
2, 5, 1609
List the prime factors of 3698318.
2, 13, 103, 1381
List the prime factors of 4281185.
5, 856237
What are the prime factors of 2575387?
31, 83077
List the prime factors of 2115926.
2, 1057963
What